ert -33200011023 (base 4) to base 7.
-46353060
What is 1004465 (base 7) in base 6?
2320052
Convert 1004033 (base 5) to base 3.
211010220
What is -30614211 (base 8) in base 11?
-3736330
-213113202 (base 4) to base 13
-5851b
866979 (base 13) to base 15
4253e3
3aad25 (base 14) to base 10
2027653
Convert -10011010101011101000000 (base 2) to base 14.
-95d236
Convert 418327 (base 9) to base 2.
111100110000011001
68750 (base 10) to base 8
206216
-4762944 (base 11) to base 4
-133223221132
Convert -15aa2 (base 14) to base 10.
-54238
What is 2322143 (base 6) in base 13?
4265a
What is -70075531 (base 8) in base 15?
-1459011
-3011001122 (base 4) to base 11
-501349
What is 20202111101 (base 3) in base 2?
100000011110101111
What is -167581 (base 13) in base 7?
-4515463
Convert -20111222010 (base 4) to base 13.
-5b6c11
-4020420024 (base 5) to base 4
-132130312302
What is 3ad468 (base 14) in base 4?
13300220010
What is 11222211102 (base 3) in base 4?
113333303
37217 (base 9) to base 14
9152
What is 113320210 (base 5) in base 16?
807e1
-93752 (base 11) to base 15
-2a761
Convert 2965677 (base 10) to base 2.
1011010100000010101101
What is 9e3baf (base 16) in base 13?
21c109a
What is 5055545 (base 6) in base 9?
406582
Convert -2732983 (base 10) to base 11.
-15a7370
What is 3849b9 (base 13) in base 6?
44555032
200011112220 (base 3) to base 8
1272354
-bd96c (base 14) to base 8
-1602514
Convert -152128 (base 9) to base 3.
-11202010222
Convert -10220112021 (base 3) to base 7.
-440200
227923 (base 10) to base 5
24243143
What is -1cbaaa (base 14) in base 4?
-3323233012
Convert 122414231 (base 6) to base 16.
241acb
Convert -3c2da2 (base 16) to base 11.
-2254081
What is 1200437 (base 8) in base 5?
40443332
6aa58 (base 12) to base 11
98656
-1211322303 (base 4) to base 10
-417459
Convert 1131423 (base 10) to base 13.
307ca7
What is 2250a84 (base 12) in base 8?
31051404
What is 304422 (base 8) in base 3?
12010000220
-45669 (base 10) to base 15
-d7e9
What is -111000010002220 (base 3) in base 6?
-404043210
Convert -8a58d (base 15) to base 9.
-740517
-10324213 (base 5) to base 3
-11112111201
-9bd85a (base 14) to base 5
-2324102222
What is -43053113 (base 6) in base 9?
-2340750
1021212 (base 5) to base 14
6305
What is 346353 (base 7) in base 14?
1899a
6016304 (base 7) to base 4
2231131220
-1640767 (base 8) to base 15
-95de4
Convert -815961 (base 10) to base 16.
-c7359
-26450353 (base 8) to base 3
-102010201021120
What is -111001111011001100 (base 2) in base 8?
-717314
-44be (base 15) to base 3
-201222222
What is 20202111120101 (base 3) in base 16?
36d006
Convert -354023100 (base 6) to base 4.
-121102101030
Convert 323013211 (base 4) to base 12.
b8171
-106623 (base 12) to base 14
-6aadd
-441456 (base 15) to base 4
-30120011010
103776 (base 9) to base 4
33012300
-693979 (base 12) to base 3
-10011200000110
-2031033233 (base 4) to base 14
-110ba7
What is -4464014 (base 10) in base 8?
-21016616
What is -3130222300 (base 4) in base 3?
-1200220212011
What is -2a8910 (base 15) in base 5?
-1011212130
What is -21111110121 (base 3) in base 16?
-2408e
-14111236 (base 9) to base 5
-3241202032
Convert 44412320 (base 7) to base 11.
218a526
What is -2a195a7 (base 11) in base 12?
-189a2ba
Convert 111111001000111100 (base 2) to base 7.
2124665
-440199 (base 10) to base 11
-280801
Convert -132021313 (base 4) to base 3.
-20021102111
-745559 (base 10) to base 3
-1101212201022
5675111 (base 9) to base 8
13532652
What is -1884 (base 12) in base 14?
-112c
272235 (base 12) to base 6
21505305
-799b2 (base 12) to base 3
-22020101222
What is -152534 (base 8) in base 3?
-2202220222
What is 211826 (base 11) in base 9?
566104
b193 (base 13) to base 11
17413
-664100 (base 7) to base 10
-116669
What is 114584 (base 9) in base 7?
405121
101687 (base 14) to base 10
541863
What is 3a33317 (base 12) in base 13?
2501ab2
What is -12120104 (base 5) in base 3?
-12210002001
-10011010000101100001 (base 2) to base 14
-126013
-1110010001000011011 (base 2) to base 7
-3654632
-7355802 (base 9) to base 8
-17004176
211d4 (base 15) to base 10
105049
Convert -7730c (base 16) to base 10.
-488204
Convert -32200000 (base 4) to base 2.
-1110100000000000
What is -4313061 (base 7) in base 13?
-154965
Convert 521282 (base 10) to base 5.
113140112
Convert -34019 (base 15) to base 11.
-1032a3
Convert 120311044 (base 5) to base 12.
22a428
Convert -100111101000000 (base 2) to base 9.
-30742
-120129 (base 10) to base 9
-202706
Convert 531311 (base 8) to base 3.
22222120200
Convert -110011100110101010001 (base 2) to base 10.
-1690961
Convert -1317888 (base 11) to base 8.
-10544470
What is 23403603 (base 7) in base 3?
10220002120100
Convert 122050123 (base 6) to base 10.
2339331
Convert -635396 (base 11) to base 12.
-4108b4
-1001011101101101110 (base 2) to base 5
-34411001
767387 (base 9) to base 14
bcd5c
What is -49363 (base 16) in base 10?
-299875
-651653 (base 7) to base 6
-2233322
Convert -1436651 (base 8) to base 14.
-a90a5
What is -288ca5 (base 15) in base 13?
-5352a4
Convert ca02 (base 16) to base 13.
1a700
What is -1274033 (base 9) in base 5?
-134322122
6285518 (base 12) to base 13
3b0b016
What is -112a89 (base 12) in base 4?
-1003002021
Convert 28a14b (base 13) to base 10.
993276
4dd78 (base 14) to base 12
93132
What is -11100011111011001001110 (base 2) in base 6?
-424024542
-100111110010111111101 (base 2) to base 10
-1304061
Convert -22002111112101 (base 3) to base 14.
-7dd491
Convert 19b99 (base 12) to base 13.
143a3
19b3a (base 13) to base 3
2112220211
13122103 (base 4) to base 13
10a80
2012100110101 (base 3) to base 16
11d340
What is 15747263 (base 9) in base 3?
112211121022010
43013404 (base 7) to base 10
3650749
What is 134105 (base 6) in base 2?
11000100011001
67336405 (base 8) to base 14
1d03c0d
-21112111211221 (base 3) to base 12
-1412181
-34316752 (base 8) to base 6
-423332110
Convert 35326 (base 8) to base 9.
22585
Convert -11100000110100111 (base 2) to base 12.
-56747
Convert 2021122201111 (base 3) to base 14.
2383a6
What is 2a9b0 (base 12) in base 14?
17d08
What is -c7c55 (base 16) in base 13?
-2285a2
-10030202100 (base 4) to base 15
-16ad80
What is -212010020120220 (base 3) in base 4?
-232313300103
56ae91 (base 15) to base 9
7705721
15c83 (base 14) to base 13
1bb13
20102211200 (base 3) to base 11
87239
What is 333314 (base 8) in base 14?
2cd1a
What is 1c93d5 (base 16) in base 3?
10112011001221
What is 11110011100010101 (base 2) in base 10?
124693
Convert -341dd (base 15) to base 4.
-220132300
Convert -1001000111101100110010 (base 2) to base 6.
-123124402
Convert -7880286 (base 10) to base 9.
-15740643
Convert -3675415 (base 8) to base 12.
-40b151
What is -1003214 (base 5) in base 2?
-11111010111011
-1130333021 (base 4) to base 11
-240179
Convert -11346263 (base 8) to base 10.
-2477235
-9636a (base 11) to base 9
-233271
Convert 111011011010111010 (base 2) to base 8.
733272
What is 1225b (base 16) in base 15?
17056
Convert -3b8c20 (base 14) to base 9.
-3780271
2148736 (base 11) to base 8
16313477
Convert -1138e7 (base 15) to base 10.
-822142
Convert -56c71 (base 15) to base 12.
-1139b1
Convert 30140323 (base 5) to base 16.
3a9d8
10002300311 (base 4) to base 6
34414525
-3391a5 (base 14) to base 2
-110101100001010011101
37633552 (base 8) to base 13
195bab7
Convert 6fd694 (base 16) to base 11.
4156787
-3c9df4 (base 16) to base 13
-a91264
What is -45136261 (base 8) in base 11?
-55585a5
What is 1403545 (base 9) in base 5?
144122040
Convert -836a14 (base 12) to base 11.
-119025a
342584 (base 10) to base 7
2624534
What is 552200555 (base 6) in base 5?
10014004324
Convert 112610442 (base 7) to base 2.
11010011011001100000111
-1111110011001010010 (base 2) to base 14
-d6958
-1126046 (base 7) to base 5
-14010400
What is c59355 (base 13) in base 8?
21474657
What is 10b9085 (base 13) in base 8?
23537636
2100110022001 (base 3) to base 6
42434214
5231435 (base 6) to base 14
6834b
What is 93a225 (base 12) in base 14?
44531b
Convert 2037404 (base 11) to base 7.
42400305
-1101011001111100 (base 2) to base 13
-1bcb9
Convert -50bbb (base 14) to base 4.
-233131201
What is 121233332 (base 4) in base 11?
72272
12010236 (base 7) to base 13
2b2138
Convert -201012200210 (base 3) to base 13.
-10315b
58959 (base 16) to base 13
c91cb
Convert -1